en 496 is divided by 137?
85
Calculate the remainder when 279 is divided by 128.
23
Calculate the remainder when 192 is divided by 28.
24
Calculate the remainder when 130 is divided by 20.
10
What is the remainder when 20949 is divided by 73?
71
Calculate the remainder when 3875 is divided by 6.
5
What is the remainder when 14098 is divided by 5?
3
What is the remainder when 328 is divided by 243?
85
What is the remainder when 203 is divided by 41?
39
What is the remainder when 901 is divided by 299?
4
Calculate the remainder when 171 is divided by 158.
13
Calculate the remainder when 1199 is divided by 12.
11
Calculate the remainder when 2702 is divided by 53.
52
What is the remainder when 58 is divided by 22?
14
Calculate the remainder when 519 is divided by 126.
15
What is the remainder when 1907 is divided by 159?
158
Calculate the remainder when 3580 is divided by 17.
10
What is the remainder when 123 is divided by 118?
5
What is the remainder when 134 is divided by 5?
4
What is the remainder when 249 is divided by 60?
9
What is the remainder when 2629 is divided by 31?
25
What is the remainder when 2676 is divided by 244?
236
What is the remainder when 722 is divided by 57?
38
Calculate the remainder when 58 is divided by 8.
2
Calculate the remainder when 1763 is divided by 17.
12
What is the remainder when 7582 is divided by 16?
14
What is the remainder when 4708 is divided by 784?
4
What is the remainder when 530 is divided by 9?
8
Calculate the remainder when 64 is divided by 5.
4
Calculate the remainder when 721 is divided by 4.
1
What is the remainder when 217 is divided by 20?
17
Calculate the remainder when 127 is divided by 59.
9
Calculate the remainder when 1273 is divided by 7.
6
What is the remainder when 238 is divided by 185?
53
Calculate the remainder when 112 is divided by 23.
20
Calculate the remainder when 356 is divided by 72.
68
What is the remainder when 437 is divided by 90?
77
What is the remainder when 114 is divided by 23?
22
Calculate the remainder when 2114 is divided by 73.
70
Calculate the remainder when 37 is divided by 15.
7
What is the remainder when 2021 is divided by 225?
221
What is the remainder when 274 is divided by 140?
134
What is the remainder when 4426 is divided by 123?
121
What is the remainder when 231 is divided by 5?
1
Calculate the remainder when 158 is divided by 57.
44
What is the remainder when 2325 is divided by 13?
11
What is the remainder when 126 is divided by 64?
62
Calculate the remainder when 3490 is divided by 23.
17
Calculate the remainder when 321 is divided by 65.
61
Calculate the remainder when 77 is divided by 14.
7
Calculate the remainder when 11 is divided by 6.
5
What is the remainder when 165 is divided by 17?
12
What is the remainder when 1340 is divided by 96?
92
Calculate the remainder when 223 is divided by 32.
31
What is the remainder when 79 is divided by 59?
20
What is the remainder when 23 is divided by 17?
6
Calculate the remainder when 386 is divided by 26.
22
What is the remainder when 300 is divided by 297?
3
Calculate the remainder when 1613 is divided by 101.
98
Calculate the remainder when 2885 is divided by 76.
73
Calculate the remainder when 689 is divided by 3.
2
Calculate the remainder when 1916 is divided by 64.
60
What is the remainder when 334 is divided by 6?
4
What is the remainder when 164 is divided by 25?
14
Calculate the remainder when 256 is divided by 20.
16
What is the remainder when 190 is divided by 10?
0
What is the remainder when 235 is divided by 74?
13
Calculate the remainder when 12 is divided by 8.
4
What is the remainder when 491 is divided by 121?
7
What is the remainder when 419 is divided by 30?
29
Calculate the remainder when 166 is divided by 28.
26
What is the remainder when 841 is divided by 141?
136
Calculate the remainder when 120 is divided by 110.
10
What is the remainder when 730 is divided by 12?
10
What is the remainder when 488 is divided by 10?
8
Calculate the remainder when 1442 is divided by 39.
38
What is the remainder when 690 is divided by 87?
81
Calculate the remainder when 530 is divided by 9.
8
Calculate the remainder when 1149 is divided by 18.
15
What is the remainder when 304 is divided by 29?
14
What is the remainder when 122 is divided by 14?
10
Calculate the remainder when 299 is divided by 10.
9
Calculate the remainder when 408 is divided by 110.
78
Calculate the remainder when 1705 is divided by 28.
25
What is the remainder when 1317 is divided by 78?
69
What is the remainder when 114 is divided by 9?
6
What is the remainder when 2737 is divided by 88?
9
What is the remainder when 816 is divided by 91?
88
What is the remainder when 4768 is divided by 953?
3
Calculate the remainder when 219 is divided by 60.
39
Calculate the remainder when 884 is divided by 81.
74
What is the remainder when 49 is divided by 4?
1
What is the remainder when 174 is divided by 62?
50
Calculate the remainder when 28 is divided by 6.
4
Calculate the remainder when 160 is divided by 28.
20
What is the remainder when 801 is divided by 14?
3
What is the remainder when 270 is divided by 31?
22
What is the remainder when 237 is divided by 173?
64
Calculate the remainder when 1060 is divided by 314.
118
What is the remainder when 64 is divided by 7?
1
Calculate the remainder when 113 is divided by 29.
26
Calculate the remainder when 1385 is divided by 1365.
20
What is the remainder when 3529 is divided by 392?
1
Calculate the remainder when 606 is divided by 36.
30
What is the remainder when 168 is divided by 25?
18
What is the remainder when 249 is divided by 6?
3
What is the remainder when 2741 is divided by 196?
193
What is the remainder when 2520 is divided by 45?
0
Calculate the remainder when 371 is divided by 130.
111
Calculate the remainder when 2468 is divided by 1234.
0
Calculate the remainder when 177 is divided by 32.
17
What is the remainder when 93 is divided by 53?
40
Calculate the remainder when 370 is divided by 33.
7
What is the remainder when 30 is divided by 18?
12
Calculate the remainder when 214 is divided by 54.
52
What is the remainder when 623 is divided by 159?
146
What is the remainder when 177 is divided by 164?
13
What is the remainder when 835 is divided by 138?
7
What is the remainder when 2222 is divided by 139?
137
What is the remainder when 60 is divided by 13?
8
What is the remainder when 373 is divided by 290?
83
Calculate the remainder when 643 is divided by 38.
35
Calculate the remainder when 506 is divided by 222.
62
What is the remainder when 14 is divided by 12?
2
Calculate the remainder when 3706 is divided by 53.
49
What is the remainder when 15359 is divided by 15?
14
What is the remainder when 110 is divided by 20?
10
Calculate the remainder when 348 is divided by 71.
64
What is the remainder when 2798 is divided by 46?
38
What is the remainder when 3151 is divided by 8?
7
Calculate the remainder when 205 is divided by 55.
40
Calculate the remainder when 407 is divided by 6.
5
Calculate the remainder when 2330 is divided by 19.
12
What is the remainder when 1994 is divided by 100?
94
Calculate the remainder when 181 is divided by 38.
29
What is the remainder when 989 is divided by 45?
44
Calculate the remainder when 456 is divided by 149.
9
What is the remainder when 700 is divided by 6?
4
What is the remainder when 197 is divided by 96?
5
Calculate the remainder when 230 is divided by 15.
5
What is the remainder when 84 is divided by 22?
18
What is the remainder when 401 is divided by 44?
5
What is the remainder when 159 is divided by 15?
9
Calculate the remainder when 115 is divided by 19.
1
Calculate the remainder when 2619 is divided by 263.
252
What is the remainder when 999 is divided by 25?
24
Calculate the remainder when 1061 is divided by 137.
102
What is the remainder when 393 is divided by 130?
3
What is the remainder when 1017 is divided by 31?
25
Calculate the remainder when 307 is divided by 27.
10
What is the remainder when 337 is divided by 49?
43
What is the remainder when 133 is divided by 23?
18
Calculate the remainder when 496 is divided by 100.
96
Calculate the remainder when 75 is divided by 44.
31
Calculate the remainder when 3526 is divided by 6.
4
Calculate